?
24
Let l(o) = -o - 7. Let r(m) = 11*m - m**3 - 2*m**3 + 5*m + 16*m**2 + m**3 + 10. Let c be r(9). Give l(c).
1
Let y(z) = z**3 + 6*z**2 - 3*z - 6. Let i be y(-6). Let h(t) = -32*t + 3*t**2 - 10 + 16*t + 28*t + 19 - 4*t**2. Give h(i).
9
Let p be 5 + 4/12*0. Let x(n) = -4*n**2 - 1 - 5*n**3 - p + 4*n + 6*n**2. Let d(f) = 4*f**3 - 3*f**2 - 5*f + 6. Let t(q) = 4*d(q) + 3*x(q). What is t(7)?
-1
Let s(t) = 0*t**3 + t**3 + 16*t - 23*t**2 + 3*t**2 + 5*t**2 - 18 - 2*t**3. What is s(-16)?
-18
Let w(t) = -8*t**2 - 7*t. Let h be (157/(-314))/(1/(-2))*-3. What is w(h)?
-51
Let k(n) be the first derivative of -n**4/4 + 5*n + 23. Let j be k(0). Suppose -g - g - b = 13, -j*b = -5*g + 5. Let h(w) = w**2 + 6*w + 4. Determine h(g).
-4
Suppose 27*r - 32*r = -y + 24, y + 12 = -r. Let l(w) = -2*w**3 - 8*w**2 + 4*w - 3. Give l(r).
117
Let d(f) = f + 0*f - 1 - 1. Let k = 4490 + -4483. What is d(k)?
5
Let o(m) be the first derivative of -m**4/4 - m**3 + 9*m**2/2 - 9*m - 4071. Determine o(-5).
-4
Suppose -3*a + 5*a + 106 = -4*c, a = -4*c - 61. Let d = 38 + a. Let l(s) = -3*s - 3 - 4 + 2*s. Give l(d).
0
Let b(w) = 11 + 13*w - 2*w**2 + w**2 - 11 - 8. Let d(q) = 2*q**2 - 25*q + 14. Let a(m) = -5*b(m) - 3*d(m). What is a(10)?
-2
Suppose -5*z + 92 = 5*p - 3, 5*z + p = 87. Let m(g) be the second derivative of g**3/3 - 14*g**2 - 10147*g. What is m(z)?
6
Let l(m) = m**2 + 1. Let r(w) = -6*w**2 + 8*w - 9. Let p(k) = -5*l(k) - r(k). Let u = -1922 - -1929. What is p(u)?
-3
Let f = 137 + -139. Let a(j) = -j**3 + j**2 - j + 1. Let v(t) = -3*t**3 + 2*t**2 - 2*t + 10. Let k(p) = f*a(p) + v(p). Calculate k(0).
8
Let c(m) = -5 + 12*m - 36*m - 13 + 136 + 15*m. Give c(14).
-8
Let d = 19 + -4. Let y(g) be the first derivative of -g**2/2 - 3*g + 162550. Give y(d).
-18
Let r(f) = -17*f**2 - f - 2*f**2 - 2*f - 7. Let v(p) = 7*p**2 + p + 1. Let h(d) = -r(d) - 3*v(d). Let o(g) = g**3 - g**2 - 1. Let j be o(2). Give h(j).
-14
Let i(a) = 57*a**3 - 6*a. Let u be i(2). Suppose 52*n - 15*n = -u. Let d(q) = -q**2 - 14*q - 17. Determine d(n).
7
Suppose 0*b - b = -y - 1, 0 = 3*y - 2*b - 2. Let d(k) be the third derivative of -k**4/8 + k**3 + k**2 - 256*k. Give d(y).
-6
Suppose 85*n - 66 + 432 = -229. Let m(v) = -1 + 10 + v + 3. Calculate m(n).
5
Let v = -307 + 317. Let u(n) = -v*n - 15*n + 24*n + 3 + 0*n. Give u(6).
-3
Let h(m) = 6*m**2 + 19*m - 11. Suppose -5*a = 4*k + 52, -14*k + 15*k = 5*a + 12. What is h(a)?
9
Let y(o) = -41 - 3*o**2 + 32 + 48*o - o - 56. Give y(14).
5
Let u(t) = -7*t - 4. Let s(o) = -6*o - 2. Let n(f) = -5*s(f) + 4*u(f). Suppose -g - 15 = 3*c + 74, 5*c + 4*g + 139 = 0. Let j = -27 - c. What is n(j)?
2
Let k(z) = 1513041 + 52*z - 1513039 - 2*z + 23*z. Give k(-1).
-71
Let y(w) = w**3 + 7*w**2 + w. Let q = 72 - 76. Let x be 1*(q - 12/4). Determine y(x).
-7
Let g = 2530 - 2528. Let p(h) = -h**3 + 3*h**2 + 2*h - 5. Give p(g).
3
Let k(b) be the first derivative of -b**3/2 + 9*b**2 + 137*b - 147. Let p(a) be the first derivative of k(a). What is p(8)?
-6
Let j = 1 - -9. Let t = -19 + j. Let z(b) = 16*b - 16*b + 8*b + b**2 - 9. Give z(t).
0
Let a(n) be the second derivative of -n**8/6720 - n**7/360 + n**5/120 + 5*n**4/3 + 151*n. Let s(p) be the third derivative of a(p). What is s(-7)?
1
Suppose -v + 1 = -7. Let o(f) be the second derivative of 1/20*f**5 + 7/6*f**3 + 0 + 7*f + 7/2*f**2 - 3/4*f**4. Calculate o(v).
-1
Let a be (-2*(106 - 3))/(-2). Suppose 100*w - 15 = a*w. Let n(m) = m**2 + 6*m + 1. Give n(w).
-4
Let h(c) = c**3 + 10*c**2 + 11*c - 21. Let l be h(-8). Let j(r) = -l*r - 16*r - 3 + 42*r + 11 - 9*r. What is j(6)?
-4
Let r(p) = p - 1. Let t be (-1)/((-25)/(-23)) + (-116)/1450. Let h be t*54/63*-7. What is r(h)?
5
Suppose 135 = 13*g - 21. Suppose 2*p - 9 = 11. Let v(i) = g - 29 + p*i + 20. What is v(-3)?
-27
Let r(p) be the second derivative of p**3/3 + p**2 + 55*p. Suppose 4 = -0*f + 2*f. Suppose 30 = -f*v - 3*v. Determine r(v).
-10
Suppose 5*l - 49 = -254. Let h = 48 + l. Let z(f) = -7 + h - f**2 + 8*f + 5. Give z(7).
12
Let y(v) = -v - 2. Let x(f) = 8*f + 12. Let i be (4 - 12)/(11/((-132)/(-8))). Let g(h) = i*y(h) - x(h). Give g(-10).
-28
Let s be 99/15 - (-14)/35. Let j(m) be the first derivative of -m**2/2 + 15*m - 27. What is j(s)?
8
Let f(j) = -5*j + 1. Let l be (6/2)/(((-189)/(-28))/9). Suppose -14*d - l = 10. Calculate f(d).
6
Let k be (-3)/(-2)*2*-4. Let n(u) = -31*u**2 - 30*u - 198. Let a(i) = 7*i**2 + 8*i + 45. Let d(w) = 9*a(w) + 2*n(w). Determine d(k).
9
Let t be (-3)/12 + (-14)/8. Let q(m) = 109. Let k(b) = -b - 654. Let v(f) = k(f) + 6*q(f). Determine v(t).
2
Let h = 113 + -183. Let i = -50 - h. Suppose 9 = 3*d - 3*s, -s - 3*s + i = 0. Let j(x) = x**2 - 8*x - 1. Determine j(d).
-1
Let x(l) be the first derivative of l**4/4 - 11*l**3/3 + 2*l**2 + 10*l - 799. Calculate x(11).
54
Let m(h) be the second derivative of -5*h**4/12 + 8*h**3/3 + 154*h + 5. Give m(3).
3
Let l(d) = d**2 - 1. Let r(t) = 5*t**2 - 6*t + 3. Let b(m) = -4*l(m) + r(m). Let v = 10043 + -10035. Determine b(v).
23
Let j be 3/(-3)*1*-7. Let l be (-7)/(28/6)*-2. Let x(q) = 8 + 5 - l - q. Calculate x(j).
3
Suppose 2*o - 17 - 15 = 0. Let t = o - 14. Let w(u) = 2*u**2 + 2*u - 1. Let m(c) = 3*c**2 + 2*c - 1. Let g(i) = 3*m(i) - 4*w(i). Determine g(t).
1
Let i = -156 + 170. Let u be 4/((-4)/i*-7) - 1. Let x(g) = 10*g + 1. Determine x(u).
11
Let k = -69 + 102. Let t(s) = -k + 48*s + 40*s - 84*s. Let r be t(10). Let a(w) = -2*w + 10. What is a(r)?
-4
Let j(z) be the second derivative of z**4/12 + 7*z**3/6 - 5*z**2/2 - z. Suppose -4*v + 2*m - 822 = 0, -4*v + m - 1032 = v. Let c = v + 199. Determine j(c).
3
Let h(t) = -3*t**2 + 41*t + 23. Let z be h(17). Let q = 140 + z. Let m(l) = l**2 + 6*l - 4. Determine m(q).
3
Let g(a) = a - 1. Let s be g(5). Suppose -5*t + 5*v = -7*t - 21, 0 = -5*t + v + 15. Let w(k) = 4 + t + 4*k - 1 - 6*k. What is w(s)?
-3
Let x(n) = -2*n + 24. Suppose -1447*z - 84 = -3*d - 1444*z, d - 4*z = 46. What is x(d)?
-20
Let w(d) be the third derivative of -3*d**4/4 + d**3 - 102*d**2. Let x(a) = -44*a + 14. Let j(s) = -12*w(s) + 5*x(s). Calculate j(4).
-18
Let r(i) = i**3 - 14*i**2 - 16*i + 15. Let c be r(15). Let h be c/(6 - 4 - 7). Let l(m) = m**3 + m + 6. What is l(h)?
6
Let f = 3689 - 3699. Let j(i) = -i**3 - 10*i**2 - i + 4. Give j(f).
14
Let o(j) = 14*j - 2. Suppose 0 = 45*b - 49*b - 8. Give o(b).
-30
Let k(y) = -11*y + 16. Let i(m) = 97*m - 144. Let j(t) = -2*i(t) - 19*k(t). What is j(3)?
29
Let z(g) = g**2 - 4*g - 3. Let b be z(4). Let m(j) = j**3 - 7*j**2 - 2*j + 10. Let f(l) = -l**3 + l**2 - l - 7. Let v(i) = 2*f(i) + m(i). Calculate v(b).
-10
Let q(h) = 5*h**2 + 4*h + 43. Let n(t) = 4*t**2 + 3*t + 34. Let w(l) = 6*n(l) - 5*q(l). Give w(5).
-46
Let u be 1*((-348)/(-48) + -7). Let o(c) be the first derivative of u*c**4 - 1 + 0*c**2 + 0*c + 0*c**3. Give o(0).
0
Let t(c) = 28*c + 685. Let s be t(-24). Let a(i) be the first derivative of -i**4/4 + 13*i**3/3 + i - 28. Calculate a(s).
1
Let l(u) = 8*u + 1. Let t(h) be the first derivative of 2*h**3/3 - 14*h**2 - 29*h + 66. Let v be t(15). Give l(v).
9
Let w be -3*((-200)/30)/(-2) - 12. Let u(b) = 6*b**2 + 133*b + 5. Determine u(w).
-17
Let c(o) be the first derivative of -3/2*o**2 - 5*o + 1/4*o**4 + 5/3*o**3 - 27. Let d = 248 - 254. Determine c(d).
-23
Let m(w) = -2*w**2 - 57*w - 35. Let h(t) = -8*t**2 - 183*t - 106. Let k(s) = 2*h(s) - 7*m(s). What is k(17)?
16
Let u = 112 - 119. Let l(s) be the third derivative of -7*s**2 + 5/24*s**4 + 1/120*s**6 + 0*s - 5/3*s**3 + 0 + 2/15*s**5. What is l(u)?
4
Let f(h) = 7*h**2 - 28*h + 19. Let z(a) = 20*a**2 - 84*a + 61. Let o(w) = -17*f(w) + 6*z(w). Give o(26).
-9
Suppose 6*j - 100 = 2*o + 10*j, 0 = -4*j - 20. Suppose -4*d = -3*d + 44. Let n = d - o. Let k(f) = f**3 + 6*f**2 + 7*f + 4. Determine k(n).
8
Let i(l) be the first derivative of l**4/4 - 5*l**3/3 - 9*l**2/2 + 4*l - 822. Give i(7).
39
Let o(h) = -5*h**2 - h + 14. Let z(q) = 12*q**2 + 2*q - 40. Let l(m) = -5*o(m) - 2*z(m). Let v(r) = r**2 - 11*r + 10. Let b be v(10). Calculate l(b).
10
Let g = -6 + 9. Let m(c) = -1 + c - 1 + g. Suppose -167*r = -55*r - 73*r + 156. Calculate m(r).
-3
Let c(v) be the third derivative of -v**5/60 + v**4/24 + 17*v**3/3 - 32*v**2. Let w be c(-10). Let h = 76 + w. Let s(g) = g**3 - g - 2. Calculate s(h).
-2
Le